e v(-5).
61
Let g(m) = -512*m + 163329. Calculate g(319).
1
Let s(c) = 2*c**3 + 41*c**2 + 31*c + 190. What is s(-20)?
-30
Let u(z) = -35*z**2 - 93*z - 93. Give u(-1).
-35
Let p(u) = 7*u**3 - 3*u**2 - u + 2. Give p(1).
5
Let i(d) = -40*d + 64. Give i(-2).
144
Let o(x) = 2*x**2 - 29*x - 68. What is o(-3)?
37
Let i(m) = -76*m + 749. What is i(10)?
-11
Let c(g) = -g**3 - 15*g**2 - 54*g + 9. Determine c(-7).
-5
Let v(b) = 12*b + 157. Give v(-10).
37
Let b(z) = -z**3 - 4*z**2 - 11*z - 38. Give b(-4).
6
Let i(r) = r**3 - 15*r**2 + 5*r + 38. Give i(9).
-403
Let x(c) = 109*c - 96. What is x(3)?
231
Let p(i) = -21*i - 110. Determine p(-6).
16
Let f(t) = -2*t**2 - 23*t - 35. Calculate f(-10).
-5
Let f(q) = q**3 - 8*q**2 - 114*q + 868. What is f(8)?
-44
Let f(q) = 3*q**2 - 7*q - 91. Calculate f(7).
7
Let i(d) = 178*d - 2890. What is i(16)?
-42
Let m(s) = 119*s + 17524. Calculate m(-147).
31
Let u(h) = -19*h + 1383. What is u(67)?
110
Let d(x) = x**2 + 5*x - 414. What is d(-23)?
0
Let h(p) = -4*p**2 - 66*p + 30. Calculate h(-17).
-4
Let d(v) = v**3 + 75*v**2 - 164*v - 760. Calculate d(-77).
10
Let f(s) = s**3 - 44*s**2 - 42*s - 185. Calculate f(45).
-50
Let c(q) = -5*q**2 + 75*q + 3505. Calculate c(-20).
5
Let q(h) = 7*h + 543. Calculate q(-29).
340
Let u(d) = 21*d**2 + 18*d + 4. Determine u(-1).
7
Let i(p) = -121*p - 363. Determine i(-3).
0
Let y(i) = 3643*i - 29129. Calculate y(8).
15
Let w(a) = -a**3 - 8*a**2 + 14*a + 55. What is w(-9)?
10
Let o(u) = 9235*u - 36925. Determine o(4).
15
Let q(a) = -122*a - 243. What is q(3)?
-609
Let a(i) = 494*i - 2966. Determine a(6).
-2
Let d(u) = -8*u**2 + 49*u + 53. Calculate d(-2).
-77
Let c(z) = 270*z - 268. Calculate c(1).
2
Let a(o) = 2*o**3 - 92*o**2 - 396*o - 216. Determine a(50).
-16
Let f(v) = 254*v - 1298. What is f(5)?
-28
Let y(l) = l**2 + 128*l + 526. Calculate y(-4).
30
Let a(x) = 2*x**3 + 24*x**2 + 10*x - 1. Determine a(-12).
-121
Let c(w) = -41*w + 368. Calculate c(10).
-42
Let h(f) = -11*f**2 + 443*f - 117. Determine h(40).
3
Let t(o) = -4*o**2 - 31*o - 69. Give t(-6).
-27
Let x(c) = c**2 - 50*c - 100. Give x(-2).
4
Let w(y) = 35*y + 1020. Calculate w(-35).
-205
Let p(h) = 3*h**3 + 148*h**2 - 585*h - 110. What is p(-53)?
-4
Let h(s) = 70*s**3 + 205*s**2 - 12*s - 29. Calculate h(-3).
-38
Let u(n) = 52*n**3 - 986*n**2 - 51*n + 253. Determine u(19).
6
Let v(p) = p**3 + 40*p**2 + 6*p + 336. Determine v(-40).
96
Let r(c) = 3*c**3 - 281*c**2 + 173*c + 1187. Calculate r(93).
-22
Let t(h) = 23*h + 457. Calculate t(-11).
204
Let w(y) = 3*y**3 - 135*y**2 - 143*y + 205. What is w(46)?
-25
Let u(i) = -i**3 - 40*i**2 - 42*i - 115. Calculate u(-39).
2
Let b(z) = 48*z - 671. Give b(14).
1
Let a(c) = 27*c - 228. Determine a(12).
96
Let x(z) = 2*z**2 - 14*z + 1. Determine x(3).
-23
Let p(t) = t**3 + 106*t**2 + 508*t + 298. Calculate p(-101).
-5
Let o(s) = -3*s**2 + 125*s - 784. What is o(34)?
-2
Let x(d) = 4*d**3 + 15*d**2 + 8*d + 21. Give x(-4).
-27
Let r(n) = -36*n - 466. What is r(-11)?
-70
Let j(l) = -l**3 - 15*l**2 - 5*l + 21. Calculate j(-5).
-204
Let k(b) = 50*b**2 + 17*b + 9. What is k(-1)?
42
Let c(f) = 4*f**2 - 78*f - 32. Calculate c(20).
8
Let b(a) = 2259*a + 8964. What is b(-4)?
-72
Let g(q) = q**3 - 10*q**2 - 70*q - 81. Give g(15).
-6
Let u(y) = -12*y**3 - 2*y**2 + 21*y + 51. What is u(-2)?
97
Let q(k) = -k**2 + 246*k - 2796. Determine q(12).
12
Let f(d) = 13*d - 59. What is f(0)?
-59
Let z(j) = -2*j**2 + 3*j + 67. Calculate z(-5).
2
Let k(r) = -2*r**2 + 50*r + 76. Determine k(23).
168
Let o(d) = -3*d**3 + 40*d**2 + 14*d + 56. Calculate o(14).
-140
Let d(t) = 5*t + 43. Give d(-9).
-2
Let y(c) = 4*c + 116. What is y(-45)?
-64
Let p(m) = -m**2 - 58*m - 481. Determine p(-46).
71
Let g(m) = 26*m**2 + 63*m - 23. Determine g(-3).
22
Let s(v) = 192*v - 2434. Calculate s(13).
62
Let q(s) = 681*s + 12255. What is q(-18)?
-3
Let g(d) = -2*d**2 - 358*d + 6231. Calculate g(16).
-9
Let v(m) = -8*m**3 + 61*m**2 - 28*m - 32. What is v(7)?
17
Let i(o) = -8*o - 399. Calculate i(-45).
-39
Let q(r) = 4*r + 140. Calculate q(-31).
16
Let m(d) = 4366*d + 13092. Determine m(-3).
-6
Let w(d) = -2*d**2 - 18*d + 220. Give w(7).
-4
Let f(q) = 16*q - 2819. What is f(176)?
-3
Let t(h) = -6*h**2 - 135*h + 178. Give t(-24).
-38
Let m(f) = -5*f**2 + 803*f - 1274. What is m(159)?
-2
Let n(p) = 12*p**2 - 105*p - 159. Determine n(10).
-9
Let h(p) = -4*p**2 + 347*p + 83. Determine h(87).
-4
Let x(n) = n**2 - 229*n + 1120. Give x(5).
0
Let c(d) = 20*d + 243. Calculate c(-21).
-177
Let r(l) = -199*l**2 + 20098*l + 116. Determine r(101).
15
Let i(f) = -57*f**2 + f + 2. Give i(-1).
-56
Let m(c) = 8*c**2 + 27*c - 267. What is m(-9)?
138
Let w(s) = -12*s - 46. Give w(-2).
-22
Let z(i) = -i + 12. Determine z(6).
6
Let f(y) = -y**3 + y**2 + 17*y - 51. Give f(-6).
99
Let k(l) = 24*l**2 + 371*l + 160. What is k(-15)?
-5
Let t(g) = -g**3 - 21*g**2 - 43*g - 928. Give t(-21).
-25
Let n(y) = -25*y**2 - 31*y - 148. Give n(-3).
-280
Let t(s) = -53*s + 423. Give t(7).
52
Let o(a) = 6842*a + 225790. Calculate o(-33).
4
Let t(i) = -2111*i + 6339. Give t(3).
6
Let d(o) = -2*o**3 + 105*o**2 + 508*o + 141. What is d(57)?
-144
Let n(c) = 2*c**3 - 85*c**2 - 24*c - 516. What is n(43)?
301
Let r(t) = t**3 - 10*t**2 + 7*t - 45. What is r(9)?
-63
Let c(t) = -t**3 - 3*t**2 + 13*t + 16. Determine c(-4).
-20
Let q(n) = -51*n**2 + 54*n - 1. Give q(3).
-298
Let w(s) = 6*s**2 - 41*s - 5. Give w(10).
185
Let p(d) = -208*d + 319. Determine p(1).
111
Let o(b) = 21*b**2 + 422*b + 58. Give o(-21).
457
Let b(n) = -22*n**2 - 10*n - 45. Determine b(-7).
-1053
Let w(k) = -112*k**3 - k**2 + 3*k - 2. What is w(1)?
-112
Let m(v) = v**3 - 3*v**2 - 189*v + 38. Calculate m(-12).
146
Let u(c) = -4*c**3 - 18*c**2 + 18*c + 39. Determine u(-5).
-1
Let v(w) = 23*w + 294. Give v(-13).
-5
Let s(r) = -6*r + 116. Determine s(59).
-238
Let a(r) = r**2 + 886*r - 2651. Give a(3).
16
Let h(d) = -d**3 + d**2 - 9*d + 19. What is h(4)?
-65
Let r(q) = 2*q**3 - 18*q**2 + 2*q + 1. Calculate r(6).
-203
Let j(k) = -k**2 + 13*k - 60. Give j(12).
-48
Let x(b) = -101*b - 1215. Determine x(-12).
-3
Let o(p) = 2*p**2 + 30*p - 2559. Calculate o(29).
-7
Let b(a) = -360*a + 38875. Give b(108).
-5
Let o(j) = -j**3 + 52*j**2 - 554*j - 54. Determine o(37).
-17
Let l(a) = -307*a - 2160. What is l(-7)?
-11
Let l(g) = -g**2 + 307*g + 1887. Give l(-6).
9
Let k(q) = 4*q - 10. What is k(9)?
26
Let d(t) = -t**3 - 46*t**2 - 98*t - 427. Determine d(-44).
13
Let c(m) = m**2 + 117*m + 233. Determine c(-2).
3
Let x(q) = -q**2 - 29*q - 32. Calculate x(-30).
-62
Let b(h) = 5*h**2 - 20*h + 6. What is b(3)?
-9
Let q(a) = -a**2 - 42*a - 424. Calculate q(-16).
-8
Let r(v) = v**3 + 12*v**2 + 3*v - 1. Give r(-13).
-209
Let x(b) = -b**2 - 62*b - 154. What is x(-60)?
-34
Let w(v) = -123*v - 6725. What is w(-55)?
40
Let j(t) = t**3 + 18*t**2 + 33*t - 5. Calculate j(-17).
-277
Let k(u) = 20*u - 38. Determine k(8).
122
Let m(j) = 11*j**3 - 7*j**2 - 5*j + 1. Calculate m(-1).
-12
Let k(n) = -n**3 + 98*n**2 - 100*n + 296. Determine k(97).
5
Let g(v) = v**2 + 29*v - 479. What is g(-41)?
13
Let w(z) = 110*z + 1285. Give w(-12).
-35
Let y(a) = -a**2 - a - 78. What is y(0)?
-78
Let w(h) = 82*h**2 - 95*h - 1. Determine w(2).
137
Let m(b) = -40*b + 480. What is m(12)?
0
Let r(j) = j**3 - 11*j**2 - 39*j + 7. Give r(-3).
-2
Let w(k) = -k**2 - 10*k + 6. Calculate w(-11).
-5
Let n(m) = -3*m**2 + 567*m - 24837. Calculate n(120).
3
Let o(b) = -1036*b - 5273. Give o(-5).
-93
Let f(i) = 41*i - 2682. Give f(66).
24
Let x(o) = -o**3 + 15*o**2 + 44*o + 182. What is x(18)?
2
Let l(d) = -9*d**2 + 889*d - 880. Determine l(1).
0
Let w(r) = r**3 + 22*r**2 - 52*r + 408. Determine w(-25).
-167
Let k(i) = 2*i**2 - 26*i + 75. Give k(10).
15
Let p(d) = -24*d - 113. What is p(-5)?
7
Let f(n) = n**2 + 61*n - 498. What is f(10)?
212
Let v(j) = -1133*j - 6754. Calculate v(-6).
44
Let c(i) = 4*i**2 - 57*i + 628. What is c(13)?
563
Let p(c) = -10*c**3 - 14*c**2 - 16*c + 6. Calculate p(-2).
62
Let n(u) = 80*u + 629. Calculate n(-9).
-91
Let q(v) = -107*v**2 - 7*v - 12. What is q(-1)?
-112
Let t(h) = 20*h + 3694. Calculate t(-182).
54
Let q(b) = b**2 - 25. What is q(-4)?
-9
Let a(g) = -2*g**3 + 9*g**2 + 15*g - 88. Give a(6).
-106
Let u(l) = 22*l + 401. What is u(-18)?
5
Let l(